 the highest common divisor of 277212 and 39.
39
What is the greatest common divisor of 10 and 17077330?
10
Calculate the highest common divisor of 2368 and 3034.
74
Calculate the highest common factor of 2 and 746.
2
What is the greatest common factor of 252625 and 1600?
25
What is the highest common divisor of 214814 and 19?
19
What is the greatest common factor of 20876 and 340?
68
What is the greatest common divisor of 40 and 170840?
40
What is the highest common divisor of 96782 and 7?
7
What is the highest common factor of 5 and 50455?
5
What is the highest common factor of 515 and 405?
5
What is the highest common divisor of 180 and 2514690?
90
Calculate the greatest common divisor of 332038 and 3626.
518
What is the highest common divisor of 24 and 5158792?
8
Calculate the highest common divisor of 60720 and 2622.
138
What is the greatest common divisor of 2688 and 300?
12
Calculate the greatest common factor of 14445 and 1284.
321
What is the greatest common factor of 1968035 and 25?
5
What is the greatest common factor of 1881290 and 20?
10
What is the greatest common factor of 225 and 7947?
9
What is the highest common divisor of 920525 and 25?
25
What is the greatest common factor of 44 and 1404491?
11
What is the greatest common factor of 512 and 8608?
32
Calculate the highest common factor of 42420 and 756.
84
Calculate the highest common factor of 13759 and 1.
1
Calculate the greatest common factor of 1029240 and 10260.
540
Calculate the greatest common factor of 205 and 22058.
41
What is the greatest common factor of 38 and 1189552?
38
What is the highest common divisor of 9240 and 3500?
140
What is the greatest common factor of 5785 and 5518?
89
What is the greatest common divisor of 462 and 63987?
231
Calculate the greatest common factor of 4520 and 10035.
5
Calculate the greatest common divisor of 3328 and 81328.
208
What is the highest common factor of 762 and 10033?
127
What is the highest common divisor of 56250 and 200?
50
What is the highest common factor of 3257880 and 4080?
2040
What is the highest common divisor of 42258 and 6?
6
Calculate the greatest common factor of 16240 and 45269.
203
What is the highest common divisor of 392 and 81128?
8
Calculate the greatest common factor of 190 and 902215.
95
What is the greatest common divisor of 323 and 2375?
19
What is the highest common factor of 48 and 105912?
24
What is the greatest common factor of 55 and 32170?
5
What is the greatest common divisor of 2312 and 76?
4
Calculate the greatest common factor of 44610 and 810.
30
Calculate the highest common divisor of 42 and 737961.
21
Calculate the greatest common divisor of 9093 and 49.
7
Calculate the greatest common factor of 655 and 53579.
131
Calculate the highest common factor of 84 and 1632.
12
Calculate the highest common factor of 37 and 5454022.
37
Calculate the highest common divisor of 1239 and 10706199.
1239
What is the greatest common divisor of 11 and 4213?
11
Calculate the greatest common factor of 10606 and 2.
2
Calculate the highest common divisor of 9 and 168717.
3
What is the greatest common factor of 172247 and 23?
23
Calculate the highest common divisor of 1078880 and 288.
32
Calculate the greatest common factor of 9225 and 490975.
1025
Calculate the highest common divisor of 36 and 20388.
12
Calculate the highest common divisor of 17664 and 246.
6
Calculate the highest common factor of 3 and 3273.
3
Calculate the greatest common factor of 91444 and 28.
4
Calculate the greatest common divisor of 76830 and 1950.
390
Calculate the greatest common factor of 2416419 and 4185.
837
Calculate the highest common divisor of 161332 and 47182.
1522
What is the greatest common factor of 8305139 and 23?
23
What is the highest common divisor of 709 and 656534?
709
Calculate the highest common factor of 159870 and 510.
30
Calculate the highest common divisor of 288502 and 32.
2
What is the greatest common divisor of 2274720 and 5040?
1680
What is the highest common factor of 43378 and 287?
41
What is the highest common factor of 1525 and 7198?
61
Calculate the greatest common factor of 20 and 17610.
10
What is the greatest common factor of 7584 and 135327?
237
What is the greatest common factor of 155674 and 4496?
562
Calculate the greatest common divisor of 888 and 143708.
148
Calculate the greatest common divisor of 525 and 88550.
175
Calculate the greatest common factor of 72 and 421704.
72
What is the greatest common factor of 5295 and 615?
15
Calculate the highest common divisor of 69088 and 3808.
544
Calculate the greatest common factor of 6 and 6939.
3
Calculate the highest common factor of 138848 and 32.
32
Calculate the greatest common factor of 636 and 989192.
212
What is the greatest common divisor of 108 and 161604?
36
What is the greatest common factor of 4625 and 2479?
37
What is the highest common factor of 19404 and 3612?
84
What is the greatest common divisor of 3081 and 59013?
237
What is the highest common factor of 35105 and 15?
5
What is the greatest common factor of 36 and 162108?
36
What is the greatest common divisor of 4441657 and 11?
11
What is the greatest common factor of 413 and 85337?
7
Calculate the highest common factor of 51363 and 468.
117
Calculate the highest common divisor of 116750 and 1375.
125
Calculate the highest common divisor of 23877 and 24318.
63
Calculate the greatest common factor of 240784 and 80.
16
What is the greatest common divisor of 61168 and 88?
8
What is the highest common factor of 10088 and 728?
104
Calculate the greatest common factor of 1494 and 45.
9
Calculate the greatest common factor of 39 and 210288.
39
Calculate the greatest common factor of 277043 and 1688.
211
Calculate the highest common factor of 147252 and 84.
84
Calculate the highest common factor of 862 and 8.
2
What is the greatest common factor of 6498 and 306?
18
Calculate the greatest common factor of 6423389 and 1239.
413
What is the greatest common divisor of 83866 and 38?
38
Calculate the greatest common divisor of 3584 and 6454.
14
Calculate the highest common divisor of 749 and 1150892.
107
What is the greatest common divisor of 20335 and 280?
35
Calculate the highest common divisor of 142 and 94.
2
Calculate the highest common factor of 228896 and 1866.
622
Calculate the greatest common factor of 495 and 2595.
15
Calculate the greatest common factor of 55 and 35233.
11
What is the greatest common divisor of 9044 and 161196?
532
Calculate the greatest common divisor of 124 and 422.
2
Calculate the highest common divisor of 152598 and 522.
174
What is the greatest common factor of 168073 and 3013?
131
Calculate the greatest common factor of 180759 and 801.
267
Calculate the greatest common divisor of 2460 and 891012.
492
Calculate the highest common factor of 3068 and 1690.
26
Calculate the greatest common factor of 15 and 5116380.
15
Calculate the highest common factor of 3643400 and 600.
200
Calculate the greatest common factor of 876 and 1044849.
219
What is the highest common divisor of 27014 and 182?
26
Calculate the highest common divisor of 150 and 1047610.
10
What is the highest common factor of 26530 and 80?
10
What is the highest common divisor of 5560586 and 866?
866
What is the greatest common divisor of 87 and 149959?
29
Calculate the highest common divisor of 153479 and 69.
23
Calculate the greatest common divisor of 174 and 16404.
6
Calculate the greatest common divisor of 213466 and 186.
62
Calculate the highest common factor of 112 and 1358.
14
What is the highest common factor of 102 and 2423979?
51
What is the highest common factor of 1026 and 36670?
38
What is the highest common factor of 43139 and 21659?
179
Calculate the greatest common factor of 287 and 140589.
41
What is the greatest common factor of 160067 and 118?
59
What is the greatest common divisor of 19400 and 11446?
194
What is the greatest common factor of 1397 and 449072?
127
Calculate the highest common divisor of 10280 and 10760.
40
Calculate the greatest common factor of 677139 and 32737.
1723
What is the greatest common factor of 25 and 2025575?
25
Calculate the highest common factor of 130059 and 51.
3
Calculate the greatest common divisor of 208 and 47606.
26
What is the greatest common fac